factors of 11980332.
2, 3, 7, 13, 23, 53
List the prime factors of 614000.
2, 5, 307
List the prime factors of 5341615.
5, 1068323
List the prime factors of 8565932.
2, 83, 25801
What are the prime factors of 8394752?
2, 4099
List the prime factors of 5263112.
2, 53, 12413
List the prime factors of 64560.
2, 3, 5, 269
What are the prime factors of 1129277?
23, 37, 1327
What are the prime factors of 2301231?
3, 43, 17839
What are the prime factors of 4286839?
17, 461, 547
What are the prime factors of 3189848?
2, 398731
What are the prime factors of 456009?
3, 152003
What are the prime factors of 3610412?
2, 13, 69431
What are the prime factors of 17845234?
2, 11, 811147
What are the prime factors of 51184?
2, 7, 457
What are the prime factors of 10785507?
3, 1721, 2089
What are the prime factors of 2254474?
2, 97, 11621
What are the prime factors of 463231?
463231
What are the prime factors of 9925696?
2, 11, 23, 613
What are the prime factors of 2813821?
2813821
What are the prime factors of 24161099?
24161099
What are the prime factors of 334880?
2, 5, 7, 13, 23
What are the prime factors of 13190827?
13, 17, 3511
What are the prime factors of 24212?
2, 6053
What are the prime factors of 235612?
2, 13, 23, 197
What are the prime factors of 430947?
3, 11, 1451
List the prime factors of 4654958.
2, 7, 11, 167, 181
List the prime factors of 1793905.
5, 499, 719
What are the prime factors of 451886?
2, 225943
What are the prime factors of 270104?
2, 19, 1777
What are the prime factors of 7071422?
2, 17, 241, 863
List the prime factors of 3212158.
2, 31, 103, 503
What are the prime factors of 4345974?
2, 3, 139, 193
List the prime factors of 3788179.
419, 9041
List the prime factors of 228516.
2, 3, 137, 139
What are the prime factors of 1158792?
2, 3, 53, 911
What are the prime factors of 421045?
5, 107, 787
What are the prime factors of 66096?
2, 3, 17
What are the prime factors of 4529470?
2, 5, 11, 41177
What are the prime factors of 17925124?
2, 7, 199, 3217
List the prime factors of 5967979.
5967979
What are the prime factors of 3402241?
3402241
List the prime factors of 906303.
3, 317, 953
List the prime factors of 400560.
2, 3, 5, 1669
List the prime factors of 4946752.
2, 37, 2089
List the prime factors of 124021.
124021
List the prime factors of 5415819.
3, 367, 4919
What are the prime factors of 891687?
3, 23, 12923
List the prime factors of 2054501.
17, 7109
List the prime factors of 297573.
3, 99191
What are the prime factors of 29588947?
19, 1557313
What are the prime factors of 2424376?
2, 179, 1693
List the prime factors of 894036.
2, 3, 11, 13, 521
List the prime factors of 1326699.
3, 11, 1489
List the prime factors of 40142260.
2, 5, 373, 5381
What are the prime factors of 87885?
3, 5, 7, 31
List the prime factors of 5381596.
2, 11, 11119
List the prime factors of 567964.
2, 141991
What are the prime factors of 812357?
7, 13, 79, 113
What are the prime factors of 13948037?
73, 157, 1217
List the prime factors of 239957.
239957
What are the prime factors of 447323?
447323
List the prime factors of 284602.
2, 23, 269
What are the prime factors of 26688344?
2, 151, 22093
List the prime factors of 11302102.
2, 7, 101, 7993
What are the prime factors of 145173?
3, 7, 31, 223
What are the prime factors of 40999120?
2, 5, 677, 757
What are the prime factors of 66822?
2, 3, 7, 37, 43
What are the prime factors of 9239594?
2, 7, 13, 50767
What are the prime factors of 167826?
2, 3, 83, 337
List the prime factors of 4213686.
2, 3, 702281
What are the prime factors of 587934?
2, 3, 89, 367
What are the prime factors of 2187430?
2, 5, 7, 31249
What are the prime factors of 6436483?
37, 73, 2383
What are the prime factors of 119513?
119513
List the prime factors of 1187715.
3, 5, 79181
What are the prime factors of 5331175?
5, 213247
List the prime factors of 11822.
2, 23, 257
List the prime factors of 12553879.
13, 349, 2767
List the prime factors of 269850.
2, 3, 5, 7, 257
List the prime factors of 12875415.
3, 5, 7, 47, 2609
What are the prime factors of 1609545?
3, 5, 7, 15329
List the prime factors of 786111.
3, 67, 3911
What are the prime factors of 2114671?
13, 47, 3461
List the prime factors of 1014325.
5, 13, 3121
What are the prime factors of 17008094?
2, 29, 127, 2309
What are the prime factors of 773411?
37, 20903
What are the prime factors of 206533?
17, 12149
What are the prime factors of 8757408?
2, 3, 11, 8293
What are the prime factors of 1205460?
2, 3, 5, 37, 181
What are the prime factors of 728813?
728813
What are the prime factors of 4231556?
2, 7, 79, 1913
What are the prime factors of 74530?
2, 5, 29, 257
What are the prime factors of 13993348?
2, 19, 101, 1823
List the prime factors of 901770.
2, 3, 5, 30059
List the prime factors of 11036108.
2, 2759027
List the prime factors of 1511070.
2, 3, 5, 11, 19, 241
List the prime factors of 577768.
2, 72221
What are the prime factors of 496257?
3, 83, 1993
List the prime factors of 1359470.
2, 5, 7, 19421
What are the prime factors of 481028?
2, 53, 2269
What are the prime factors of 42948728?
2, 23, 233417
List the prime factors of 687780.
2, 3, 5, 3821
What are the prime factors of 237964?
2, 41, 1451
List the prime factors of 2173079.
2173079
What are the prime factors of 3267972?
2, 3, 30259
What are the prime factors of 343217?
7, 49031
What are the prime factors of 156604?
2, 7, 17, 47
List the prime factors of 13631760.
2, 3, 5, 6311
List the prime factors of 193243.
193243
List the prime factors of 1154089.
773, 1493
List the prime factors of 3340538.
2, 1670269
List the prime factors of 584042.
2, 292021
List the prime factors of 110663.
7, 15809
What are the prime factors of 1864507?
1864507
What are the prime factors of 93727?
19, 4933
What are the prime factors of 1367567?
107, 12781
List the prime factors of 836366.
2, 17, 1447
List the prime factors of 19361305.
5, 311, 12451
List the prime factors of 110197.
263, 419
List the prime factors of 3917149.
3917149
List the prime factors of 115773.
3, 7, 37, 149
What are the prime factors of 94151?
94151
List the prime factors of 4549406.
2, 2274703
What are the prime factors of 778596?
2, 3, 7, 13, 23, 31
List the prime factors of 20911836.
2, 3, 11, 17, 9319
What are the prime factors of 24176269?
13, 101, 18413
What are the prime factors of 591554?
2, 295777
What are the prime factors of 5683474?
2, 17, 9833
What are the prime factors of 29736973?
7, 149, 4073
List the prime factors of 2771545.
5, 7, 79187
List the prime factors of 873844.
2, 218461
List the prime factors of 423337.
349, 1213
List the prime factors of 394406.
2, 197203
What are the prime factors of 8288512?
2, 32377
List the prime factors of 564356.
2, 13, 10853
What are the prime factors of 3999564?
2, 3, 29, 1277
List the prime factors of 819086.
2, 409543
List the prime factors of 298755.
3, 5, 2213
What are the prime factors of 77176?
2, 11, 877
What are the prime factors of 9683269?
47, 206027
What are the prime factors of 3570003?
3, 396667
List the prime factors of 11663513.
17, 686089
List the prime factors of 4566269.
31, 147299
List the prime factors of 8553311.
13, 657947
List the prime factors of 208286.
2, 13, 8011
List the prime factors of 3927613.
773, 5081
What are the prime factors of 1039129?
7, 13, 19, 601
What are the prime factors of 100905?
3, 5, 7, 31
List the prime factors of 1900519.
347, 5477
List the prime factors of 441463.
11, 67, 599
What are the prime factors of 13177?
13177
What are the prime factors of 3094996?
2, 29, 26681
List the prime factors of 269359.
31, 8689
What are the prime factors of 3653437?
383, 9539
What are the prime factors of 143984?
2, 8999
What are the prime factors of 854748?
2, 3, 23743
What are the prime factors of 24546601?
2237, 10973
List the prime factors of 358679.
251, 1429
List the prime factors of 1353916.
2, 271, 1249
List the prime factors of 466806.
2, 3, 77801
What are the prime factors of 3211659?
3, 11, 32441
What are the prime factors of 186783?
3, 23, 2707
What are the prime factors of 1953614?
2, 13, 29, 2591
What are the prime factors of 505923?
3, 11, 15331
What are the prime factors of 1270786?
2, 11, 47, 1229
What are the prime factors of 1495754?
2, 13, 57529
Lis